175 = 4*y - 3*s. Suppose -1 + y = 3*x. Let b be 2/6*(-312)/(-8). What is the greatest common divisor of x and b?
13
Let n(d) = d**3 + 15*d**2 - 7*d - 21. Let k be n(-15). Calculate the greatest common divisor of k and 12.
12
Let n be -2*((-45)/6)/1. Suppose h + 3*o - 566 = 297, -3*o = n. Let y be h/4 + 1/2. What is the highest common divisor of 20 and y?
20
Let g = 2 - 11. Suppose 5*h - 70 = -i - 2*i, 0 = 2*i + 5*h - 50. Let b = g + i. Calculate the greatest common divisor of 11 and b.
11
Let u be 56*(10/4 + -2). Calculate the highest common divisor of 4 and u.
4
Suppose -59 + 25 = -2*d. What is the highest common divisor of 68 and d?
17
Let d = -16 + 23. What is the greatest common divisor of d and 49?
7
Let n = 9 + -19. Let b be (-224)/(-10) - (-4)/n. Let h be -2 - 1/(3/(-171)). What is the highest common factor of b and h?
11
Let s be -3 + 2 + 1234/(-2). Let g be 1/5 + s/(-10). Suppose -3*t + g = -2*r, 3 = -3*r - 0*r. What is the highest common factor of 20 and t?
20
Let s be -2*((-1)/1 + 0). Let r(v) = -4*v**2 + 4 + 2*v + 3*v**s + 4*v. Let k be r(3). Calculate the highest common divisor of 78 and k.
13
Let w = -77 + 114. What is the highest common factor of w and 37?
37
Suppose -35 = l - 6*l. Suppose l = 3*b - 5. What is the highest common factor of 6 and b?
2
Let w be (-2)/3 + (-852)/(-9). Suppose 0 = -3*o + 4*q + 164, 39 - w = -o + q. Calculate the highest common divisor of o and 8.
8
Let h be ((-2)/4)/(2/(-196)). Let t be (-4)/(12/(-3))*7. What is the highest common factor of t and h?
7
Let c(f) = -f**2 + 12*f + 2. Let m(p) = -4 - 2*p + 2 + 1 - p**3 - 6 - 9*p**2. Let x be m(-9). Let o be c(x). What is the highest common divisor of 26 and o?
13
Let k be 1/(-6)*-3*-2. Let o(c) = 40*c**2 - c - 1. Let x be o(k). Calculate the greatest common factor of x and 5.
5
Let h = -247 - -456. Calculate the highest common divisor of 19 and h.
19
Let g = -13 + 17. Let i be (-153)/(-2)*(-2 + g). Let j = -5 - -22. Calculate the highest common factor of i and j.
17
Let c be (-2)/6 - 220/(-30). Let d(l) = 25*l + 7. Let k be d(c). Calculate the highest common divisor of 26 and k.
26
Suppose -5*f = -3*s + 31, 3*s - 2*f = -0*s + 34. Let t = 15 - -45. Calculate the greatest common divisor of t and s.
12
Suppose 2 + 1 = -2*r + t, -t + 3 = 5*r. Suppose -29 = -n - 5*g, r = 5*g - 7 - 8. What is the highest common divisor of n and 56?
14
Let t be ((-39)/33 - -1) + 200/11. Calculate the greatest common divisor of 12 and t.
6
Let w(u) = -26*u - 2. Let z be w(-6). Suppose 0 = 5*m - 13 - 7. Let x be (-7)/m*-8*1. What is the highest common factor of z and x?
14
Suppose -3*c = j + 8, 0 = -3*j + c - 0*c + 6. Let i(g) = 56*g**3 - g**2 + 2*g - 1. Let t be i(j). What is the highest common factor of 14 and t?
14
Let f = 5 + -3. Let s(v) = -v**2 + 5*v + 1. Suppose 3*g = 4*g - 5. Let k be s(g). Calculate the highest common factor of k and f.
1
Let w(l) = -l - 11. Let u be w(-23). Suppose -2*g - 4*n + 24 = 0, 4*g + 4*n = 6*g - 48. Calculate the highest common divisor of u and g.
6
Let v(w) = w**3 + w**2 - w + 4. Let c be v(0). Let d be 627/(-11)*c/(-6). Suppose 65 = h + 8. Calculate the highest common factor of d and h.
19
Let r = 3 - -2. Let l(u) = u**2 - 7*u + 2. Let b be l(7). Suppose -q + 3 = -1, -b*q = -5*a + 117. Calculate the greatest common divisor of a and r.
5
Suppose 0*w + 2*w = -2*b + 178, 5*b - 454 = 4*w. Let t = 0 - -3. Suppose -t*v + 46 = v + 2*x, -4*v + 4*x = -28. Calculate the highest common divisor of v and b.
10
Let h be (40/(-6))/(4/(-66)). What is the greatest common divisor of h and 10?
10
Let y be 1/4 + 453/12. Let p be (-4)/(12/(-57))*1. What is the greatest common divisor of y and p?
19
Let d be ((-16)/6)/(3/(-54)). Let z = -4 + 0. Let h be (2/z)/((-3)/72). Calculate the highest common divisor of d and h.
12
Let s be -2*(-4)/(-8) + 27. Calculate the highest common factor of 13 and s.
13
Suppose 0 = -11*h + 298 + 582. Calculate the highest common divisor of 10 and h.
10
Let o = 4 + -1. Let x be (-2 - -2)*1/(-2). Suppose 3*n = -x*n + 9. What is the highest common factor of n and o?
3
Suppose 5*m - o - 11 = 6, -m = -o - 1. Suppose 2*y + l + 330 = 0, m*l = -l + 10. Let f = 309 + y. Calculate the greatest common divisor of 13 and f.
13
Let c be 2/(-8) - (-101)/4. Let i be 1*((-18)/(-1))/(-2). Let g be 13/3 + (-6)/i. What is the greatest common divisor of c and g?
5
Suppose -2*y = 8, 86 = -j + 4*j + 4*y. Calculate the greatest common divisor of 170 and j.
34
Let s(i) = 6*i - 4. Let d be s(3). Calculate the highest common divisor of 70 and d.
14
Suppose 5*l = i + 5, l + 3*l - 2*i + 2 = 0. Suppose -5*w = -212 + l. Calculate the highest common divisor of w and 28.
14
Suppose -4*i + 8 = -0. Suppose 5*s - i*s - 9 = 0. Let r be (s*-2)/(-3) - -28. What is the greatest common divisor of r and 10?
10
Suppose 0 = 3*l + 9, -18 = -3*z + 2*l - 0*l. Calculate the highest common divisor of 20 and z.
4
Let z(j) = 12*j**2 + j - 1. Let s be z(-1). What is the greatest common factor of s and 10?
10
Let x be 2*(2 - 0/(-2)). Suppose 0 = 3*w - 5 - x. What is the greatest common divisor of w and 33?
3
Suppose 4*o = o + 33. Suppose -3*j - j = -16. Suppose 0 = j*l - 5*l + o. What is the highest common factor of l and 55?
11
Let j = 20 - -20. Calculate the highest common factor of 5 and j.
5
Suppose -o + 47 = -i + 4*i, 2*o - 46 = -3*i. Calculate the highest common factor of 40 and i.
8
Let t = 14 - 15. Let n be 29/2 - t/2. What is the greatest common divisor of 45 and n?
15
Let v be (-3)/4 - (-83)/4. Suppose -144 = -s + 4*b, 3*b + 354 = 4*s - 274. What is the highest common divisor of v and s?
20
Suppose -4*n + 11*n = 0. Let b be 40 - (n + 0)/1. What is the highest common factor of 8 and b?
8
Suppose -3*u - 5*n - 9 = 1, -2*n - 4 = -4*u. Suppose 0 = -4*p - 4*i - i + 56, -2*p - 4*i + 34 = u. What is the greatest common factor of 81 and p?
9
Let w(t) = -t - 1. Let g(q) = q - 5. Let p be g(4). Let x be w(p). Suppose x*u - 2*u = -18. What is the greatest common factor of u and 18?
9
Suppose -2*v + 3*v - 60 = 0. Calculate the greatest common factor of 15 and v.
15
Let f(g) = 2*g**2 + 6*g + 6. Let v be f(-4). What is the greatest common divisor of v and 2?
2
Let i = -6 - -78. Let u(o) = o**3 + 8*o**2 + 9*o. Let c be u(-6). What is the highest common factor of c and i?
18
Let j(l) = l - 2. Let p be j(5). Suppose 0 = 4*o + 4*a - 76, 0*o + p*o = -4*a + 52. Calculate the highest common divisor of 72 and o.
24
Let h(c) = c**3 - 7*c**2 + 6*c - 3. Let i be h(6). Let q(m) = 0*m**2 + m**2 + 0*m**2 - 1. Let p be q(i). Calculate the highest common factor of 56 and p.
8
Suppose -18*r - 107 = -467. What is the highest common factor of 10 and r?
10
Let y be (-1)/((-3)/((-474)/(-2))). Let a = -33 + y. Calculate the greatest common factor of 69 and a.
23
Let n = 63 + 77. What is the highest common divisor of 56 and n?
28
Let g(b) = b**2 - 6*b - 8. Let i be g(6). Let t be 616/21 + 4/6. Let l = t + i. What is the greatest common factor of l and 11?
11
Let q = -5 + 15. Suppose 20 = -p - 5*j, -5*p - 2*j = j - q. What is the highest common factor of p and 35?
5
Let z be 2/4 - 10/(-4). Let x(j) = j**3 - j**2 + 24*j**z + 0*j**2. Let l be x(1). What is the highest common divisor of 36 and l?
12
Let y = 12 - -21. What is the greatest common factor of y and 231?
33
Suppose 2*i - 66 = -0*i. What is the greatest common divisor of i and 99?
33
Let y be 2/10 + 15070/25. Suppose -5*a = -i + 90, -5*i - a - 231 = -y. Calculate the highest common divisor of 15 and i.
15
Suppose 0 = -5*o - 0*o + 280. Let y(r) = -r + 3. Let z be y(-4). Calculate the greatest common factor of o and z.
7
Suppose -5*o = -52 - 38. Calculate the greatest common divisor of 2 and o.
2
Let h be -6*(-6)/4 + 0. Suppose h = 6*p - 3*p. What is the greatest common factor of p and 3?
3
Let b(k) = -k**2 + 11*k - 6. Let c be b(10). Suppose -14 = -5*i - c. Suppose -m + 24 + 16 = 3*x, -4*m = -i*x + 36. What is the highest common factor of 7 and x?
7
Let c be (3 + -3)/1*-1. Let f be 3 + -5 - (44 - c). Let q = -32 - f. What is the highest common divisor of 14 and q?
14
Suppose -2*q - q - 4*y = -40, -2*q - 3*y = -28. Let w = q + -2. What is the highest common divisor of w and 42?
6
Let c = 37 - 24. Let p(x) = -40*x - 3. Let b be p(-3). What is the highest comm